+ 4*c + 237 = 0, 11 - 327 = -4*t + 4*c. Calculate the remainder when t is divided by 40.
39
Suppose -5*t = -3*f - 13, 4*t + t - f = 21. Suppose -2*l + 24 = 4*g, -g - t*l + 5 = -1. What is the remainder when 20 is divided by g?
2
Suppose 2*n - 114 = -32. Calculate the remainder when n is divided by 22.
19
Let l be (1/2)/(4/80). Let t be 48/22 - l/55. Suppose 1 = -i - 0, -i = -t*d + 13. Calculate the remainder when d is divided by 3.
0
Calculate the remainder when (-1)/(2/(-112)) + 31 + -30 is divided by 9.
3
Let i(b) = 3 - 4 - 3*b + 7*b - 1. What is the remainder when i(1) is divided by 1?
0
What is the remainder when 92 is divided by (-11)/((-385)/14) - 118/(-5)?
20
Suppose 4*v - 280 = 68. What is the remainder when v is divided by 44?
43
Let w(c) = c**2 + 39*c + 277. Calculate the remainder when w(-36) is divided by 39.
13
Suppose -5*l = -131 - 224. Suppose 0 = -12*d + 9*d - 60. Let u = 38 + d. What is the remainder when l is divided by u?
17
Calculate the remainder when 175/105 + 1546/3 is divided by 52.
49
Let h be ((-2)/(8/(-556)))/(3/(-3)). Let g = h - -186. What is the remainder when g is divided by 21?
5
Let l = 134 - 76. Calculate the remainder when 227 is divided by l.
53
Suppose -63*i + 40 = -58*i. Suppose i*p = 5*p + 15. Calculate the remainder when 29 is divided by p.
4
Let t = 539 - 507. What is the remainder when 120 is divided by t?
24
Let u(t) = -4*t - 12. Let j(r) = r + 4. Let s(z) = -8*j(z) - 3*u(z). What is the remainder when 30 is divided by s(1)?
6
Let w(k) = 23*k**2 + k + 1. Let l be w(2). Suppose -2*x + 30 = -2*j + 2*x, l = -4*j + x. Let u = 35 + j. What is the remainder when 18 is divided by u?
8
Let m = 751 + -528. What is the remainder when m is divided by 25?
23
Let s be 23/(-4)*(4 + -8). Let l = 91 - 95. Let z = l + s. What is the remainder when 73 is divided by z?
16
Let p(d) = 3*d - 75. Let o(a) = 2*a - 37. Let q(g) = 5*o(g) - 2*p(g). What is the remainder when 118 is divided by q(19)?
36
Let j(o) = -o**2 + 4*o + 4. Let h(b) = -b**3 - 4*b**2 - 7*b - 1. Let c = 108 - 111. Calculate the remainder when h(c) is divided by j(4).
3
Suppose 0 = 3*f - u - 15 + 5, 5*u = 4*f - 28. Suppose 37 + 27 = f*s. Let m = 0 + 126. Calculate the remainder when m is divided by s.
30
Calculate the remainder when 116 is divided by (-2)/(-15) + (-8492)/(-660).
12
Let j = -223 - -302. Calculate the remainder when j is divided by 9.
7
Suppose -12 = -4*g, -5*i - 5*g + 3*g = -71. Let l be 5*(7/14)/(1/(-408)). Calculate the remainder when ((-3)/(-4))/(15/l)*-1 is divided by i.
12
Let x = -29 + 6. Let o = x + 33. What is the remainder when 17 is divided by o?
7
Let m = 1013 + -764. Calculate the remainder when m is divided by 32.
25
Let v = -185 - -363. Suppose -2*h - 44 + v = 0. What is the remainder when 264 is divided by h?
63
Let y(w) = 99*w - 291. Calculate the remainder when 124 is divided by y(4).
19
Suppose -2*t + 5*u + 3 = 1, 0 = -3*t + 2*u + 3. Let a = t + 3. What is the remainder when 13 is divided by a?
1
Let x(b) = b + 10. Suppose j + 4 = -j. Calculate the remainder when 2/4 - 87/j is divided by x(5).
14
Let u = 243 - 235. Let r(v) = 5*v**2 - 2*v. Calculate the remainder when r(3) is divided by u.
7
Suppose 4 + 6 = 5*l. Suppose -l*u - u = 885. What is the remainder when u/(-25) - (-1)/5 is divided by 5?
2
Suppose -236 = 12*b - 2156. What is the remainder when b is divided by 79?
2
Let q = -47 + 49. Suppose 375 = 3*f + q*f. What is the remainder when f is divided by 8?
3
Let v(r) = -r**3 + 16*r**2 - 7*r + 2. Let w be v(15). Suppose -w = -5*j - 12. What is the remainder when 42 is divided by j?
20
Let n(p) be the first derivative of 5*p**3/3 + p**2 + 2*p + 10. Let b be 9/(-4) + 17/68. What is the remainder when 88 is divided by n(b)?
16
Suppose 32 = 4*m + 4*v, 0 = -9*v + 4*v + 20. Let s(a) = 2*a - 1. What is the remainder when s(m) is divided by 2?
1
Suppose -i = -4*n + 8 + 13, -5*i = 4*n - 39. Let p(q) = -q**2 - 5*q + 1. Let c be p(-7). Let k = n - c. What is the remainder when 54 is divided by k?
16
Let l(c) = c**3 - 15*c**2 - 34*c - 22. Let t be l(17). Let v = t + 44. Calculate the remainder when 41 is divided by v.
19
Let h be (-10)/(-25) + (-216)/(-10). Let r = h + -11. What is the remainder when 31 is divided by r?
9
Suppose 9*f - 4*f - 355 = 0. Suppose -5*w + 2 = -118. What is the remainder when f is divided by w?
23
Suppose 3*q = -q, 4*q + 18 = -2*p. Let w(l) = -3*l + 0*l + 2*l - 1. Calculate the remainder when w(p) is divided by 5.
3
Let t(q) = -17*q - 106. What is the remainder when t(-11) is divided by 46?
35
Let j(b) = -b + 10. Let i be j(-3). Let v = 16 - i. What is the remainder when 20 is divided by v?
2
Suppose -599*y + 600*y - 87 = 0. What is the remainder when 212 is divided by y?
38
Suppose 24*u - 1274 - 1822 = 0. Calculate the remainder when u is divided by 68.
61
Suppose 3*s = -4*t + 261, 0 = 3*s - 4*t - 0*t - 261. Calculate the remainder when s is divided by 23.
18
Let m = 29 - -9. Let v = m - 23. What is the remainder when v is divided by 6?
3
Suppose 17*l = 15*l. Suppose -3*m = -u - 264, l = -3*m - 4*u + 159 + 105. Calculate the remainder when m is divided by 30.
28
Let w = 551 - 536. Calculate the remainder when w is divided by 5.
0
Let r(m) = -9*m. Let d = 68 + -48. What is the remainder when r(-4) is divided by d?
16
Let w(p) = -p**2 + 21*p - 42. What is the remainder when 104 is divided by w(5)?
28
Let h(b) = b + 6. Let d be h(6). Suppose -7*k - d*k + 247 = 0. Calculate the remainder when k is divided by (-11)/(-2) - (-1)/(-2).
3
Let j be 6*(0 + (-1)/(-3)). Let r(u) = -j*u + 4*u - 2*u - 2*u. What is the remainder when r(-4) is divided by 6?
2
Suppose -2067 = -15*w - 24*w. What is the remainder when 110 is divided by w?
4
Let j(l) = l**3 - l**2 - 6*l + 3. Let f = 7 + -1. Suppose -f*n = -2*n - 16. What is the remainder when j(n) is divided by 15?
12
Suppose -t + 300 = 14*t. Let p(g) = g**3 + 9*g**2 + 4*g + 7. Let w = -4 - 4. Calculate the remainder when p(w) is divided by t.
19
Let b be (-5)/(-20) - (-58)/(-8). Let m = 15 + -25. Let k = b - m. Calculate the remainder when 4 is divided by k.
1
Suppose -4*x = 5*r - 415, 4*r = -r - 5. Let i = 198 - x. What is the remainder when i is divided by 19?
17
Suppose l - 4*y = 155, 0*y - 150 = -l + 3*y. Suppose -p + l - 49 = 0. Let f = p - 54. What is the remainder when f is divided by 11?
10
Let u(l) = l**2 - 63*l + 38. Calculate the remainder when 192 is divided by u(63).
2
Let u(a) = 2*a**3 + 50*a**2 + 46*a - 41. What is the remainder when 56 is divided by u(-24)?
0
Calculate the remainder when 221 is divided by (-2 - (-165)/25 - 5)*-70.
25
Suppose 5 = j, -5*x + 320 = j + 4*j. Suppose 2*y + r - x - 9 = 0, -y + 2*r + 24 = 0. What is the remainder when 55 is divided by y?
23
Let x(n) = -22*n - 21. What is the remainder when 30 is divided by x(-2)?
7
Let i(s) = -48*s - 6. What is the remainder when i(-3) is divided by 36?
30
Let k(h) = -28*h - 38. Let r(w) = -26*w - 39. Let g(s) = -6*k(s) + 7*r(s). Calculate the remainder when 18 is divided by g(-4).
7
Let u(b) = -b**2 + 2*b + 2. Suppose 0*s + s - 13 = 0. Suppose -2*w + 3 + 1 = -c, -s = -3*w + 5*c. What is the remainder when u(2) is divided by w?
0
Let b = 1950 - 1922. Calculate the remainder when 43 is divided by b.
15
Let k(p) = 11*p + 428. Calculate the remainder when k(16) is divided by 87.
82
Suppose 140 = 2*r - 70. Calculate the remainder when 415 is divided by r.
100
Suppose -388*f + 397*f = 1215. Calculate the remainder when f is divided by 53.
29
Let n = -25 - -58. Calculate the remainder when 197 is divided by n.
32
Let i(b) = 4*b**3 - 3*b**2. Suppose 2*g - 2 = -5*z - 0*g, -2*z + 24 = -5*g. Calculate the remainder when 50 is divided by i(z).
10
Let z = -34 + 19. Let r = z - -15. Suppose 4*k + r*k = 44. What is the remainder when 30 is divided by k?
8
Suppose -32 = y - 126. Let t(n) = -n**3 + n**2 + 10*n - 13. Let g be t(5). Let f = -47 - g. Calculate the remainder when y is divided by f.
14
Let k = -3724 - -2472. What is the remainder when 2/(-6) - k/12 is divided by 15?
14
Let s = -131 - -588. Let l = s - 299. What is the remainder when l is divided by 23?
20
Suppose -f + 18 = f. Let i(c) = 2*c**3 + 4*c**2 + c - 13. Calculate the remainder when i(3) is divided by f.
8
Let x(f) = -f**3 - 4*f**2 + 49*f - 21